{"id":22,"date":"2025-11-30T12:00:50","date_gmt":"2025-11-30T11:00:50","guid":{"rendered":"https:\/\/cosmoservice.pl\/?page_id=22"},"modified":"2026-03-06T20:39:15","modified_gmt":"2026-03-06T19:39:15","slug":"cennik","status":"publish","type":"page","link":"https:\/\/cosmoservice.pl\/index.php\/cennik\/","title":{"rendered":"Cennik"},"content":{"rendered":"\n<p><strong>Cennik i jak dzia\u0142amy \u2013 pe\u0142na przejrzysto\u015b\u0107<\/strong><\/p>\n\n\n\n<p>Co do cen naszych us\u0142ug \u2013 wszystko jest u nas absolutnie przejrzyste, zrozumia\u0142e i proste.<\/p>\n\n\n\n<p>Gdy kontaktujesz si\u0119 z nami (telefonicznie lub przez WhatsApp), prosimy o jak najdok\u0142adniejszy opis problemu z samochodem i tego, czego oczekujesz. Na podstawie Twojego opisu robimy wst\u0119pn\u0105 analiz\u0119 sytuacji, proponujemy konkretny plan dzia\u0142ania oraz dok\u0142adne ceny ka\u017cdej czynno\u015bci \u2013 Ty decydujesz, co robimy, a czego nie robimy i ile ostatecznie p\u0142acisz.<\/p>\n\n\n\n<p>Wykonujemy wy\u0142\u0105cznie to, co wsp\u00f3lnie ustalimy \u2013 ani z\u0142ot\u00f3wki wi\u0119cej. P\u0142acisz tylko za uzgodnione i wykonane prace.<\/p>\n\n\n\n<p>Po przyje\u017adzie na miejsce (po wst\u0119pnych ogl\u0119dzinach i diagnostyce) mo\u017cemy wsp\u00f3lnie zdecydowa\u0107, czy:<\/p>\n\n\n\n<ul class=\"wp-block-list\">\n<li>doda\u0107 co\u015b dodatkowego (je\u015bli oka\u017ce si\u0119 to potrzebne),<\/li>\n\n\n\n<li>czy wr\u0119cz przeciwnie \u2013 zmniejszy\u0107 zakres prac i zako\u0144czy\u0107 na minimum.<\/li>\n<\/ul>\n\n\n\n<p>Zawsze bez niespodzianek i ukrytych koszt\u00f3w.<\/p>\n\n\n\n<p><strong>Orientacyjne ceny (wszystko ustalamy indywidualnie przed rozpocz\u0119ciem prac):<\/strong><\/p>\n\n\n\n<ul class=\"wp-block-list\">\n<li>Dojazd do klienta \u2013 50 z\u0142 Pe\u0142na diagnostyka (komputerowa + fizyczne sprawdzenie + pomiary przyrz\u0105dami) \u2013 100\u2013200 z\u0142 (w zale\u017cno\u015bci od czasu)<\/li>\n<\/ul>\n\n\n\n<p>Przyk\u0142adowe naprawy na miejscu:<\/p>\n\n\n\n<ul class=\"wp-block-list\">\n<li>Wymiana termostatu \u2013 100\u2013200 z\u0142<\/li>\n\n\n\n<li>Wymiana czujnika temperatury p\u0142ynu ch\u0142odz\u0105cego \u2013 50\u2013100 z\u0142<\/li>\n\n\n\n<li>Czyszczenie zaworu EGR \u2013 300 z\u0142<\/li>\n\n\n\n<li>Wymiana zacisk\u00f3w hamulcowych (2 ko\u0142a) \u2013 300 z\u0142<\/li>\n\n\n\n<li>Wymiana klock\u00f3w hamulcowych (1 ko\u0142o) \u2013 50 z\u0142<\/li>\n\n\n\n<li>Wymiana pompy wody \u2013 300\u2013400 z\u0142<\/li>\n\n\n\n<li>Diagnostyka cylindr\u00f3w endoskopem \u2013 200 z\u0142 (benzyna) \/ 300 z\u0142 (diesel)<\/li>\n<\/ul>\n\n\n\n<p>i tak dalej\u2026<\/p>\n\n\n\n<p>Je\u015bli ustalimy konkretn\u0105 cen\u0119 przed rozpocz\u0119ciem naprawy \u2013 taka cena zostaje do ko\u0144ca. Nigdy nie zmienia si\u0119 w trakcie, nigdy nie ma \u201eniespodzianek\u201d. W Cosmo Service nikt Ci\u0119 nie oszuka \u2013 mo\u017cesz nam w 100% zaufa\u0107.<\/p>\n\n\n<nav style=\"color: #d0a219;\" class=\"has-text-color is-responsive items-justified-center alignwide wp-block-navigation is-content-justification-center is-layout-flex wp-container-core-navigation-is-layout-a89b3969 wp-block-navigation-is-layout-flex\" aria-label=\"Nawigacja\" \n\t\t data-wp-interactive=\"core\/navigation\" data-wp-context='{\"overlayOpenedBy\":{\"click\":false,\"hover\":false,\"focus\":false},\"type\":\"overlay\",\"roleAttribute\":\"\",\"ariaLabel\":\"Menu\"}'><button aria-haspopup=\"dialog\" aria-label=\"Rozwi\u0144 menu\" class=\"wp-block-navigation__responsive-container-open\" \n\t\t\t\tdata-wp-on--click=\"actions.openMenuOnClick\"\n\t\t\t\tdata-wp-on--keydown=\"actions.handleMenuKeydown\"\n\t\t\t><svg width=\"24\" height=\"24\" xmlns=\"http:\/\/www.w3.org\/2000\/svg\" viewBox=\"0 0 24 24\" aria-hidden=\"true\" focusable=\"false\"><path d=\"M4 7.5h16v1.5H4z\"><\/path><path d=\"M4 15h16v1.5H4z\"><\/path><\/svg><\/button>\n\t\t\t\t<div class=\"wp-block-navigation__responsive-container\"  id=\"modal-1\" \n\t\t\t\tdata-wp-class--has-modal-open=\"state.isMenuOpen\"\n\t\t\t\tdata-wp-class--is-menu-open=\"state.isMenuOpen\"\n\t\t\t\tdata-wp-watch=\"callbacks.initMenu\"\n\t\t\t\tdata-wp-on--keydown=\"actions.handleMenuKeydown\"\n\t\t\t\tdata-wp-on--focusout=\"actions.handleMenuFocusout\"\n\t\t\t\ttabindex=\"-1\"\n\t\t\t>\n\t\t\t\t\t<div class=\"wp-block-navigation__responsive-close\" tabindex=\"-1\">\n\t\t\t\t\t\t<div class=\"wp-block-navigation__responsive-dialog\" \n\t\t\t\tdata-wp-bind--aria-modal=\"state.ariaModal\"\n\t\t\t\tdata-wp-bind--aria-label=\"state.ariaLabel\"\n\t\t\t\tdata-wp-bind--role=\"state.roleAttribute\"\n\t\t\t>\n\t\t\t\t\t\t\t<button aria-label=\"Zamknij menu\" class=\"wp-block-navigation__responsive-container-close\" \n\t\t\t\tdata-wp-on--click=\"actions.closeMenuOnClick\"\n\t\t\t><svg xmlns=\"http:\/\/www.w3.org\/2000\/svg\" viewBox=\"0 0 24 24\" width=\"24\" height=\"24\" aria-hidden=\"true\" focusable=\"false\"><path d=\"m13.06 12 6.47-6.47-1.06-1.06L12 10.94 5.53 4.47 4.47 5.53 10.94 12l-6.47 6.47 1.06 1.06L12 13.06l6.47 6.47 1.06-1.06L13.06 12Z\"><\/path><\/svg><\/button>\n\t\t\t\t\t\t\t<div class=\"wp-block-navigation__responsive-container-content\" \n\t\t\t\tdata-wp-watch=\"callbacks.focusFirstElement\"\n\t\t\t id=\"modal-1-content\">\n\t\t\t\t\t\t\t\t<ul style=\"color: #d0a219;\" class=\"wp-block-navigation__container has-text-color is-responsive items-justified-center alignwide wp-block-navigation\"><li class=\" wp-block-navigation-item wp-block-navigation-link\"><a class=\"wp-block-navigation-item__content\"  href=\"https:\/\/cosmoservice.pl\/index.php\/cennik\/\"><span class=\"wp-block-navigation-item__label\">Cennik<\/span><\/a><\/li><li class=\" wp-block-navigation-item wp-block-navigation-link\"><a class=\"wp-block-navigation-item__content\"  href=\"https:\/\/cosmoservice.pl\/index.php\/porady-dla-mechanika\/\"><span class=\"wp-block-navigation-item__label\">Porady dla mechanika<\/span><\/a><\/li><li class=\" wp-block-navigation-item wp-block-navigation-link has-small-font-size\"><a class=\"wp-block-navigation-item__content\"  href=\"https:\/\/cosmoservice.pl\/index.php\/polityka-prywatnosci\/\"><span class=\"wp-block-navigation-item__label\">Polityka prywatno\u015bci<\/span><\/a><\/li><li class=\" wp-block-navigation-item wp-block-navigation-link\"><a class=\"wp-block-navigation-item__content\"  href=\"https:\/\/cosmoservice.pl\/index.php\/kontakty-i-godziny-pracy\/\"><span class=\"wp-block-navigation-item__label\">Kontakty i godziny pracy<\/span><\/a><\/li><li class=\" wp-block-navigation-item wp-block-navigation-link\"><a class=\"wp-block-navigation-item__content\"  href=\"https:\/\/cosmoservice.pl\/index.php\/nasza-filozofia\/\"><span class=\"wp-block-navigation-item__label\">Nasza filozofia<\/span><\/a><\/li><li class=\" wp-block-navigation-item wp-block-navigation-link\"><a class=\"wp-block-navigation-item__content\"  href=\"https:\/\/cosmoservice.pl\/\" rel=\"https:\/\/cosmoservice.pl\/\" title=\"main\"><span class=\"wp-block-navigation-item__label\">Glowna<\/span><span class=\"wp-block-navigation-item__description\">main<\/span><\/a><\/li><li class=\" wp-block-navigation-item wp-block-navigation-link\"><a class=\"wp-block-navigation-item__content\"  href=\"https:\/\/cosmoservice.pl\/index.php\/blog\/\"><span class=\"wp-block-navigation-item__label\">Blog<\/span><\/a><\/li><\/ul>\n\t\t\t\t\t\t\t<\/div>\n\t\t\t\t\t\t<\/div>\n\t\t\t\t\t<\/div>\n\t\t\t\t<\/div><\/nav>","protected":false},"excerpt":{"rendered":"<p>Cennik i jak dzia\u0142amy \u2013 pe\u0142na przejrzysto\u015b\u0107 Co do cen naszych us\u0142ug \u2013 wszystko jest u nas absolutnie przejrzyste, zrozumia\u0142e i proste. Gdy kontaktujesz si\u0119 z nami (telefonicznie lub przez WhatsApp), prosimy o jak najdok\u0142adniejszy opis problemu z samochodem i tego, czego oczekujesz. Na podstawie Twojego opisu robimy wst\u0119pn\u0105 analiz\u0119 sytuacji, proponujemy konkretny plan dzia\u0142ania [&hellip;]<\/p>\n","protected":false},"author":1,"featured_media":0,"parent":0,"menu_order":0,"comment_status":"closed","ping_status":"closed","template":"","meta":{"footnotes":""},"class_list":["post-22","page","type-page","status-publish","hentry"],"_links":{"self":[{"href":"https:\/\/cosmoservice.pl\/index.php\/wp-json\/wp\/v2\/pages\/22","targetHints":{"allow":["GET"]}}],"collection":[{"href":"https:\/\/cosmoservice.pl\/index.php\/wp-json\/wp\/v2\/pages"}],"about":[{"href":"https:\/\/cosmoservice.pl\/index.php\/wp-json\/wp\/v2\/types\/page"}],"author":[{"embeddable":true,"href":"https:\/\/cosmoservice.pl\/index.php\/wp-json\/wp\/v2\/users\/1"}],"replies":[{"embeddable":true,"href":"https:\/\/cosmoservice.pl\/index.php\/wp-json\/wp\/v2\/comments?post=22"}],"version-history":[{"count":5,"href":"https:\/\/cosmoservice.pl\/index.php\/wp-json\/wp\/v2\/pages\/22\/revisions"}],"predecessor-version":[{"id":160,"href":"https:\/\/cosmoservice.pl\/index.php\/wp-json\/wp\/v2\/pages\/22\/revisions\/160"}],"wp:attachment":[{"href":"https:\/\/cosmoservice.pl\/index.php\/wp-json\/wp\/v2\/media?parent=22"}],"curies":[{"name":"wp","href":"https:\/\/api.w.org\/{rel}","templated":true}]}}